0*f**3 - 4*f**2 + 1 - 2*f. Let u = 2 + 1. Calculate x(u).
-5
Let j(i) = -i**3 - 9*i**2 - i + 8. Let m(r) = r**3 + 10*r**2 - 9. Let h(a) = 4*j(a) + 3*m(a). Calculate h(-5).
0
Let z(w) = -w. Let g(v) = 4*v. Let o(b) = 3*g(b) + 14*z(b). What is o(-1)?
2
Suppose q - 4 = -3*q. Suppose -44 = -3*a - l + 5*l, q = -3*a - 5*l. Let m be 6/(-8) + (-2)/a. Let d(g) = -g**3 - 3*g**2 + 1. Calculate d(m).
-1
Let u(m) = -7*m - 4. Let w(k) = 10*k + 6. Let s(j) = -7*u(j) - 5*w(j). Give s(7).
-9
Let j(f) = -f**2 + f - 7. Let h(c) = 2*c**2 - c. Let s be h(-1). Suppose -6 + 36 = -s*p. Let d = -10 - p. Give j(d).
-7
Suppose w + w = -w. Let b(l) = -l - 2. What is b(w)?
-2
Let r = -12 + 15. Let n(h) = r + 2*h**3 + 2*h - 22*h**2 + h + 25*h**2. What is n(-2)?
-7
Let f(g) = 9 + 5*g - 10 - 5. Calculate f(4).
14
Let b(i) be the second derivative of i + 1/6*i**3 + 0 - 2*i**2. Suppose -2*g + 10 = 3*g, -5*o + 5*g = -10. Give b(o).
0
Let o(k) = 0*k**2 - 6*k + 3 - 5*k**2 + 6*k**2. What is o(5)?
-2
Let w(g) = -g - 1. Let r be (-7)/(-28) - (-198)/8. Let j be -5*(-5)/(r/(-3)). Determine w(j).
2
Let s = 8 - 6. Let u(r) = 4*r - 2*r**s + 5*r - 4*r - 3*r. Give u(2).
-4
Let u be (-1)/(-2) - 666/12. Let r(t) = -190*t - 55. Let h(n) = 7*n + 2. Let g(a) = u*h(a) - 2*r(a). Give g(1).
-5
Let j(g) = g**3 + g - 12. Suppose 8*d = 3*d. Give j(d).
-12
Let m(w) = -7*w**2 + 3*w. Suppose -4*j - 17 = -5*r, 5*j - 5*r - 10 + 25 = 0. Calculate m(j).
-22
Suppose 6 = -q + 4*q - 3*b, 20 = 4*q + 2*b. Let r(p) = 5*p**2 + p**2 - 2*p - 4*p**2 + p**3 - 5*p**2 - 3. What is r(q)?
5
Let t = -95 - -94. Let i(m) = m**3 - m**2 + 1. What is i(t)?
-1
Suppose 4*w + 12 - 36 = 5*z, -5*w + 21 = -4*z. Let n(r) = 2 + 9*r**3 - r + 0 + w - 8*r**3 - 6*r**2. Give n(6).
-3
Suppose -2*p + 2*g = -0*p - 30, 5*g = 2*p - 36. Let d(o) = -1 + p*o - 6*o - 5*o. Give d(3).
5
Suppose -4*x = x - 25. Let q(z) = -z**3 + 4*z**2 + 7*z + 1. What is q(x)?
11
Let l(c) = -2*c**3 - 2*c**2 - 2*c - 1. Let a = -5 + 7. Suppose 6*b - 4*b + a = 0. Give l(b).
1
Let a be (2 + -4)*(-3 - -2). Let r(h) = h**3 - 3*h**2 + 2*h + 2. Calculate r(a).
2
Suppose 0 = b - 2*f + 3, 5*b = 3*f - 4 - 18. Let p(i) = -i**2 - 5*i + 4. Calculate p(b).
4
Let o(b) = -b**2 - 10*b - 1. Let x be 4/(-6)*6/(-4). Suppose 2 = 2*j - 5*m, m - 4 = -m. Let h(p) = p. Let n(t) = j*h(t) + x*o(t). Calculate n(-3).
2
Let x(y) = -y**3 + 5*y**2 + 7*y - 9. Suppose -3*n - v + 57 = 2*v, 0 = 2*n + 4*v - 34. Suppose -3*a + 2*l - 1 = -13, 5*l = -a + n. What is x(a)?
-3
Suppose 3 = h + 2, -3*w - 2*h = -11. Let j(n) = 0 - 4*n + w*n - 1 - 9*n. Give j(-1).
9
Suppose -13 = 4*p + 5*n, 0 = -4*p + 5*n + 18 + 19. Let x(t) = -t**3 + 4*t**2 - t - 1. Give x(p).
5
Let q(t) = -t - 4. Let v be q(-11). Suppose -2*d - 20 = -v*d. Let l(m) = m**2 - 7*m + 3. Calculate l(d).
-9
Suppose -6*m - 18 = -0*m. Let k(i) = -2*i - 2. Calculate k(m).
4
Let w(h) = -h**2 - 5 + 2 + 1 - 6*h. Calculate w(-6).
-2
Let h be 9 - (2 + 2/(-1)). Let n(a) be the first derivative of -2 - 1/2*a**2 + h*a. What is n(4)?
5
Let o(y) = y**3 - 3*y**2 - y + 2. Let a be -3 - (6/3 - 0). Let v = a + 7. Calculate o(v).
-4
Let h = 10/57 + 3/19. Let x(r) be the first derivative of 3*r + 3 - 1/2*r**2 - h*r**3. What is x(3)?
-9
Let k(g) be the first derivative of g**2 - 2*g - 24. Determine k(5).
8
Let d(g) be the second derivative of -g**5/20 + 5*g**4/12 + 2*g**3/3 + 7*g**2/2 - 45*g. What is d(5)?
27
Let h(j) = j**2 - j - 4*j**3 + j**3 + 0 + 1. Suppose 2*i - 7 + 5 = 0. Give h(i).
-2
Suppose 0 = -6*a + a + 10. Let v(y) be the first derivative of -1/4*y**4 + a - 2*y**3 - 3*y**2 - 7*y. Determine v(-5).
-2
Let w(b) = -b**2 - b + 4. Let d be w(0). Let j(v) = -d - v - 3 + 1. Calculate j(0).
-6
Let y(m) = -6*m**2 - 2*m + 4. Let z(s) = -7*s**2 - s + 6. Let h(g) = -6*y(g) + 5*z(g). Suppose -v - 1 = 4. Calculate h(v).
-4
Let p(x) = x**2 + x + 7. Let q be (-14)/35 - 4/(-10). Give p(q).
7
Let p(n) be the second derivative of -n**3/6 - 6*n**2 + 7*n. What is p(0)?
-12
Let p(s) = -s**2 + 4*s + 1. Suppose 4 + 0 = c. Calculate p(c).
1
Let g(x) be the first derivative of x**4/24 - 2*x**3/3 - 3*x**2/2 + 1. Let l(y) be the second derivative of g(y). What is l(4)?
0
Suppose -5*d - 4*j + 16 = -0*d, -5*d + j = 4. Let v(m) = 1 - m + m**2 + 3 - 3. Give v(d).
1
Let z(p) = 4*p**2 - 1 + 4 - p**2 - 2*p**2 + 6*p. Suppose 4 = -5*m + 9. Suppose m = -o, 0 = 2*w - 2*o - 0*o + 4. Calculate z(w).
-6
Let f(g) = -g**3 + g - 1. Let k(i) = -6*i**3 - 4*i**2 + 2*i - 10. Let v(o) = -5*f(o) + k(o). Calculate v(-4).
7
Let m(d) = -4*d + 6*d**2 + 0*d**3 + 9*d + d**3. Determine m(-5).
0
Let g(h) = -6*h**2 - h - 1. Let y = -32 - -17. Let j = y + 14. Determine g(j).
-6
Let k(y) = -3*y + 3. Let b be 3*(7/(-3) + 3). Determine k(b).
-3
Let w(s) = s**2 - 3*s + 5. Let k = -155 - -159. Calculate w(k).
9
Let o(j) be the second derivative of j**5/20 - j**4/12 - j**3/2 - 2*j**2 - 2*j. Suppose 4*y - 2*y - 11 = -d, -4*d = -2*y - 4. What is o(d)?
5
Let r(a) = a**2 - 6*a + 4. Let u(p) = -p + 10. Let g be u(11). Let q be (g + -2)*(-5)/3. Give r(q).
-1
Let z(l) be the first derivative of -l**4/4 + 5*l**3/3 - 3*l**2/2 - 4*l - 1. Let h = -44 - -47. Give z(h).
5
Let r(b) = 8*b**3 - 2*b - 7*b**3 - b**2 + 1 + b. Calculate r(2).
3
Let a(n) = 1 - 2 - n**2 + 0*n**3 + n + 3*n**3. Give a(1).
2
Suppose -5*v + 19 = -6. Let s be (-11)/(-2) + (-3)/6. Let d(q) = -s*q + q**3 - 4*q**2 + 7 - q**2 + q**2 - 2*q. Calculate d(v).
-3
Suppose n + s = 5*n + 16, -5*s + 35 = -5*n. Let r(z) = -z**2 - 3*z - 4. Determine r(n).
-4
Let u be 2/(-8) - (-11)/(-4). Suppose 4*b = -5*c + 14, -5*b - 5*c = -4*b + 4. Let t be b*u/(-9)*-2. Let z(m) = m**2 + 3*m - 5. Determine z(t).
-1
Let u(a) = 2*a**2 + a + 1. Let b = -28 - -27. Give u(b).
2
Let k be ((-4)/(-6))/(4/18). Let h(x) = x + 3 + 3 - k + x**2 - 1. Give h(-3).
8
Let s(m) = m**3 + 5*m**2 + 4*m + 5. Let v = -32 + 27. What is s(v)?
-15
Let t(s) = -3*s + 2. Let k = -5 - 0. Let a = k + 8. Determine t(a).
-7
Let h(w) = w**2 + 8*w + 8. Let g be 1/(-2)*16/1. Let z be g - (4 - (-4 + 10)). Give h(z).
-4
Suppose 5*b - 5 = -5*g, 0 = -0*g + g - 5*b - 1. Let m(d) = -8*d**2 + 0 - g + 109*d - 107*d. What is m(1)?
-7
Let a(v) = 1 + v**3 + 0*v + 2*v**2 + 6*v - 4 - 9*v. Give a(-2).
3
Let t(n) = -2*n**2 + 2*n + 2. Let y(x) = -x**3 + 7*x**2 - x + 5. Suppose 0*j + j = 7. Let a be y(j). Determine t(a).
-10
Let q(o) = o**3 + o**2 - 2*o - 1. Suppose 2*z = -3*z. Suppose -j - j + 8 = 4*g, z = -g + 3*j + 16. Suppose -g*r + n = 13, 0*r = 3*r - 5*n + 31. What is q(r)?
-1
Let g be (-18)/15*(-5)/2. Suppose 0 = -r - 4*r. Let t(m) = -m**2 + 4*m + r - 2 + 4*m**2 - m**g. Determine t(4).
-2
Let p(q) be the first derivative of q**4/4 + 7*q**3/3 - q**2 - 7*q + 4. Give p(-7).
7
Let k(y) = -11*y**2 + 11*y**2 + y**2 - 7*y + 4. What is k(5)?
-6
Let z = 3 - -5. Suppose 4*u - v = 19, u + 5*v = 2*v + z. Let b(d) = u*d + 0 - 7 - 1 + d**2. Calculate b(-6).
-2
Let m(h) = 0*h - 8*h + 2*h + 2*h. Determine m(4).
-16
Let m(c) = 2*c + 4. Let a(w) = 3*w + 4. Let u(f) = -3*a(f) + 4*m(f). Calculate u(0).
4
Let u(a) be the first derivative of a**2/2 - 5*a + 1. Let p be 6/(15 + -3)*14*1. Let l be u(p). Let q(o) = o**3 - o**2 - 2*o + 1. Determine q(l).
1
Let q = 7 - 4. Let d(w) = -3*w + 20. Let y(r) = r - 7. Let n(s) = 3*d(s) + 8*y(s). What is n(q)?
1
Let k be 2*2/2*5. Let n be k/2 + -2 + 0. Let y(g) = g**3 - 4*g**2. Calculate y(n).
-9
Suppose 2 = q - 0. Let x(f) = -3*f**2 + f + 1. Calculate x(q).
-9
Let t(d) = 7*d**3 - d**2 + 5*d + 4. Let h(r) = -20*r**3 + 2*r**2 - 15*r - 12. Let y(s) = 6*h(s) + 17*t(s). Determine y(-4).
0
Let b(s) = 2*s**2 - s**3 - 45 + 46 + 7*s - 6*s**2. Calculate b(-5).
-9
Let y(c) = -c**2 + 2*c + 15. Let j(x) = x - 1. Let l(u) = -5*j(u) - y(u). Let a be l(8). Let k(z) = 3*z + 1. Determine k(a).
-5
Let d(r) = r**2 - 6*r - 11. Let w be d(8). Let c(q) = q**2 - 3*q - 7. What is c(w)?
3
Let q(g) = g - 1. Suppose 0 = -v - 3*i - 9, 2*v - i - 18 = 2*i. Suppose 0 = v*n - 4*n + 5. Give q(n).
4
Let p be (2 + 4 + -2)*1. Let u(v) = 5*v**2 - 11*v + 3. Let j(r) = -r**2 + r. Let c(z) = -4*j(z) - u(z). Give c(p).
9
Let r(x) = -x**3 + x**2 + x - 3. Let j(l) = -l. Let o be j(-3). Suppose 9 = -z + o*a + 3, 2 = -4*z + a. Calculate r(z).
-3
Let b(m) = 10*m**2 + m. Suppose 2*z + 2 = 4. What is b(z)?
11
Suppose -k - k - 8 = 0. Let z(i) = -2*i - 6. Calculate z(k).
2
L